 f = z - -14. What is the highest common factor of 6 and f?
6
Suppose 2*y = -f + 1, 4*y + f + 0*f = 5. Suppose 90 = 5*h - 0*h. Calculate the greatest common factor of h and y.
2
Suppose -8*i - 630 = -13*i. Calculate the highest common factor of i and 36.
18
Let f(i) = i**3 - 9*i**2 + 7*i - 12. Let p be f(9). Calculate the greatest common divisor of 17 and p.
17
Suppose 0 = -0*q + 5*q - 25. Suppose 4*x = q*j + 225, -j + 57 = x - 3*j. What is the highest common factor of x and 5?
5
Let r = -22 + 43. Calculate the highest common divisor of 147 and r.
21
Suppose 2*x = t, -t - 4*x = t - 8. What is the greatest common divisor of t and 14?
2
Suppose -2*f + 5 = u - 4, -4*u + 21 = 3*f. What is the highest common factor of 33 and u?
3
Let w(g) = 5*g - 3. Let d be w(1). Suppose 0 = -o - i, 5 = 3*o + d*i + 1. Calculate the greatest common factor of 24 and o.
4
Let v = -284 + 473. Let p(i) = 27*i**3 + i**2 - 2*i + 1. Let b be p(1). What is the greatest common divisor of v and b?
27
Suppose -14*y + 35 = -189. What is the highest common divisor of y and 128?
16
Let m(i) = 22*i**2 + i + 2. Let j be m(-2). What is the highest common factor of j and 8?
8
Let u(i) = 20*i + 1. Let z be u(4). Let f = 80 + -71. What is the greatest common factor of z and f?
9
Suppose 22 = f - 20. Let o = 7 - 19. Let l = o + 40. Calculate the highest common divisor of f and l.
14
Suppose -140 = 2*t - 6*t. Let p(y) = 3*y**2 + 5*y + 5. Let w be p(-2). What is the highest common divisor of w and t?
7
Let n be (-1)/(28/24)*-14. Calculate the greatest common factor of n and 60.
12
Suppose -2*j + 37 = -5*v, -16 = -4*j + v + 49. Suppose 4*b - 2*m - j = 0, 3*b + m - 19 = 6*m. What is the highest common factor of b and 2?
1
Let b = 17 - -103. What is the highest common divisor of 30 and b?
30
Let i = 130 - 15. Calculate the highest common factor of i and 46.
23
Suppose k = 4 - 1. Suppose 2*n = k*n - 17. Calculate the greatest common factor of 51 and n.
17
Suppose r = -0 + 79. Suppose 4*d - d + 45 = 3*w, -5*w = -d - r. What is the highest common divisor of 16 and w?
16
Let q = -67 - -211. Calculate the highest common divisor of 16 and q.
16
Suppose -29 = -p + 83. Let n(z) = -z + 10. Let b be n(12). Let x be b + (-2 - -4) + 16. Calculate the highest common divisor of p and x.
16
Let q be (-6)/(-8) + 69/(-12). Let v = q - -7. What is the greatest common divisor of v and 8?
2
Suppose -2*a - 4*j = 16, 3*j + 25 = 2*a + 6. Let p be 12/7 + 12/42. Let r be 8 + (p - (2 - a)). What is the greatest common factor of r and 15?
5
Let v be 3/(3/(-450)*-1). Suppose -5*t + 5*i + v = 0, 2*i - 456 = -5*t + i. Calculate the highest common divisor of t and 13.
13
Suppose 6*p = -0*p + 180. Calculate the highest common divisor of 12 and p.
6
Suppose -5*j - 2*g + 99 = 0, 2*j + j = -g + 59. Calculate the greatest common divisor of 19 and j.
19
Let c = 9 - 11. Let f be 7*((-312)/(-21) + c). Calculate the greatest common divisor of 9 and f.
9
Let c(j) = -21*j - 3. Let s be c(-2). Calculate the highest common divisor of 13 and s.
13
Let f = 6 + -4. Let o be ((-3)/(-4))/(f/128). Calculate the greatest common divisor of o and 6.
6
Suppose 48 = 4*f + 2*f. What is the highest common factor of 104 and f?
8
Suppose -2*j + 30 = -5*n + 3*j, -18 = 3*n + 3*j. Let z be ((-105)/n)/7*14. What is the highest common divisor of z and 5?
5
Suppose -3*h + 8 = -4*h. Let b be 4/(-6)*228/h. Suppose 4 = -5*k + b. What is the greatest common divisor of k and 21?
3
Suppose 3*s = -b + 33, -2*b - 3*s + 5*s = -34. Let d(h) = -h**3 - 10*h**2 - 24*h - 7. Let k be d(-7). What is the highest common factor of k and b?
7
Let f = -14 - -20. Calculate the highest common factor of 6 and f.
6
Let b be 3/6*(-4)/(-1). Suppose -5*m + 1 = -5*p - 4, 4*p + b*m = -28. Let a = 1 - p. Calculate the greatest common divisor of 24 and a.
6
Suppose 4*t - 6 - 102 = -3*f, -t + 77 = 2*f. Suppose -5*a = -13 + 3. Let k be 3 - (a + 0) - -9. What is the highest common divisor of f and k?
10
Suppose -22 = -s + 3*p, -4*s + 2*s - 2*p = -12. Suppose 2*x + 85 = 3*i + 18, 5*x = -2*i + 70. What is the highest common factor of i and s?
5
Let b = -42 + 56. Let r = 3 + 4. Calculate the greatest common divisor of b and r.
7
Suppose 0 - 12 = -4*z. Suppose -26 - 64 = -z*h. Calculate the greatest common divisor of h and 6.
6
Suppose 59 = c - 29. Calculate the highest common divisor of 22 and c.
22
Let q(z) = -z**2 - 4*z + 4. Let y be q(-4). Let w(d) = 3*d**2 - 4*d + 1. Let r be w(y). Calculate the highest common factor of 3 and r.
3
Suppose 3*f - 23 = -2. Let j = 46 - -3. What is the greatest common factor of j and f?
7
Suppose 13 = -5*s - 2. Let o = s - -18. Suppose 0 = 3*p - 21 - o. Calculate the highest common divisor of 3 and p.
3
Let u(b) = b**2 + 3. Let t be u(-5). What is the greatest common factor of 140 and t?
28
Let j = -39 - -53. What is the highest common divisor of 63 and j?
7
Suppose 0 = -12*i + 8*i + 140. What is the highest common factor of 14 and i?
7
Let z(d) = 12 - 6 - 3 - 6*d. Let j be z(-5). Calculate the greatest common divisor of j and 3.
3
Let l = -248 + 542. What is the greatest common divisor of 42 and l?
42
Let o be (-1054)/(-14) + 2/(-7). What is the greatest common factor of o and 30?
15
Let i(m) = m**3 - 2*m**2 - 5*m. Let t be i(4). Suppose 0 = -3*z - 2 + 38. Calculate the highest common divisor of t and z.
12
Let f be 3*3/9 - -1. Let s(v) = 3*v**2 + f*v**2 - 4*v**2 - 2*v**3 - v - 4*v**2 - 2. Let i be s(-3). What is the greatest common divisor of 7 and i?
7
Let k = 0 - 0. Suppose -h - 8*x = -3*x - 10, 5*x = -5*h + 150. Suppose 5*b = -k*b + h. Calculate the greatest common divisor of b and 35.
7
Let y(w) = -w**3 - 11*w**2 + 8*w - 16. Let j be y(-12). What is the highest common factor of j and 4?
4
Let b = 800 - 555. Let x be 7*(-3)/6*-10. What is the highest common divisor of x and b?
35
Let l be 9*-3*1/(-9). Let c be (-764)/(-10) + l/5. What is the highest common divisor of 11 and c?
11
Let o(h) be the third derivative of -43*h**6/40 - h**5/30 - h**4/24 + h**2. Let v be o(-1). What is the highest common divisor of 16 and v?
16
Suppose -2*f + 12 + 8 = 0. Suppose f = 2*i + 3*i. Suppose -1 = -u + i. What is the highest common factor of 1 and u?
1
Suppose 67 + 113 = 3*c. What is the greatest common divisor of 15 and c?
15
Let d be -1 - -1 - (3 + -73). Suppose 25*k = 21*k + 40. What is the greatest common factor of d and k?
10
Suppose -5*k = -13 - 12. Let s be 1/((-1)/2) + k. Let w be (27 + s + -3)*1. Calculate the greatest common divisor of w and 18.
9
Let l(g) be the second derivative of g**5 - g**3/3 + g**2/2 + 4*g. Let y be l(1). What is the highest common divisor of y and 38?
19
Let r(i) = 4*i**2 + 2*i + 1. Let p be r(2). Suppose -2*c - 3 = -p. Calculate the highest common divisor of c and 81.
9
Let k = -3 + 3. Suppose k = t + t. Suppose 10 = -t*m + 2*m, -2*f + 150 = -2*m. What is the highest common divisor of f and 10?
10
Let k = -133 - -134. Let h = -8 - -15. What is the highest common factor of k and h?
1
Let u(o) = -o + 3. Let d be u(2). Suppose -k + 12 = 2*k. Suppose k*z - 1 = 3. Calculate the greatest common divisor of d and z.
1
Suppose i = -3*i - 3*n + 53, 0 = 3*n + 3. Suppose 0 = -3*d - 2*d - 680. Let q = d - -234. What is the greatest common factor of q and i?
14
Let w(l) = l**2 - 9*l - 33. Let q be w(20). What is the greatest common divisor of 17 and q?
17
Let h be (-8)/(-6) - 6/(-9). Suppose -20 = -4*p + h*w, 3*w + 15 = 3*p - w. Let i be (140/12)/(1/3). What is the highest common divisor of p and i?
5
Suppose 0 = g + 8 - 20. Suppose -10*n - 30 = -11*n. What is the highest common factor of n and g?
6
Let c be (6/4)/(9/24). Suppose -c - 14 = -3*m. Calculate the greatest common factor of 54 and m.
6
Let s = 1 + 5. Suppose s = 2*q - 12. Calculate the greatest common factor of 27 and q.
9
Let a be (-2)/6*-18*1. Suppose 112 = 8*v - a*v. Suppose 8 = -5*i + 43. What is the highest common divisor of v and i?
7
Let a(t) = -t + 1. Let v be a(5). Let y = v - -6. Suppose y*f - 55 = -3*f. What is the highest common divisor of f and 88?
11
Suppose 2*q - 16 = -q - p, p + 4 = q. Suppose -5*g = -4*y - 48 - 47, 0 = q*g - 15. Let b = 33 + y. What is the highest common divisor of 91 and b?
13
Let j(n) = -n**2 - 12*n - 8. Suppose 0 = -3*q + 3*r - 3, r - 2 = -3. Let